 + 846 - 102. Let l = d - 58. What is the tens digit of l?
2
Let z be ((-6)/8*-2)/(15/(-20)). Let q be z/(-10) + 658/10. Suppose 0 = 5*w - 69 - q. What is the tens digit of w?
2
Suppose -6 = 4*h - 2*a - 188, -2*h + 100 = -4*a. Suppose -5*q - 193 = -2*t, -233 = 5*q - 5*t - 43. Let l = q + h. What is the units digit of l?
5
Suppose 286914 = -262*n + 144*n + 6771132. What is the thousands digit of n?
4
Let x = 19377 + -11977. What is the thousands digit of x?
7
Suppose 0 = -2*a + o + 123388, -55*a + 3*o - 246746 = -59*a. What is the thousands digit of a?
1
Let j(c) = c**2 + 11*c - 35. Let a be j(-15). Suppose -5*u + 35 = -a. Let x = -11 + u. What is the units digit of x?
1
Let o = 219 - 220. What is the tens digit of 3/(9/600) - o?
0
Let m be (-10 - -3) + -3 + 7. Let d be (-12)/(-10)*(-15)/(-3) + m. Suppose 0 = -d*h + 69 - 21. What is the units digit of h?
6
Let n(x) = -3*x**3 + 2*x**2 + 2*x + 5. Let v be n(2). Let d(o) = -18 + 6*o - 2 + 3*o**2 - o. What is the units digit of d(v)?
2
Let g(h) = -9*h**3 - h**2 + 8*h + 14. Let d be g(-2). Let u = d - -622. What is the tens digit of u?
8
Let l be (-4934)/(-1 + (-9)/9). Suppose -4*k + 5*f + l = -2*k, -1231 = -k + 3*f. What is the tens digit of k?
4
Let h(k) = 136*k**2 - 3*k + 6. Suppose w = 4*j + 12, -3*j + 15 = -8*j - 4*w. What is the tens digit of h(j)?
3
Suppose -4*x + 2 = -2*w + 4, w - x + 4 = 0. What is the units digit of (-78)/w*2928/32?
3
Let g be (4/3)/(1 - (-30)/(-54)). Suppose g*s + 84 = 8*s + 3*q, q = -5*s + 78. Let n(f) = 9*f + 8. What is the hundreds digit of n(s)?
1
Let n(y) = 2*y**3 + 101*y**2 - 111*y - 351. What is the ten thousands digit of n(-49)?
1
Suppose -3*o + a = -34131, -24*o - 3*a + 22754 = -22*o. What is the thousands digit of o?
1
Let g(r) = r**2 - 25*r + 24. Let u be g(24). Let w(t) be the third derivative of -t**4/6 + t**3/6 - 9*t**2. What is the units digit of w(u)?
1
Let l be 3198*9/72*((-11)/3 - -5). Suppose 1236 = 3*n + n. Let t = l - n. What is the tens digit of t?
2
Let y = -121 - -123. Suppose 2*q - 3*c + 128 = 0, 0*c - y*c - 192 = 3*q. Let r = q - -150. What is the units digit of r?
6
Let l(z) = -z**3 + 25*z**2 + z - 23. Let f be l(25). Suppose y - f*q - 250 = -0*y, 4*q = 0. What is the tens digit of y?
5
Suppose -4*d + 6*t = -105444, 6*t + 12 = 8*t. What is the units digit of d?
0
Let o(n) = 15*n**3 - 4*n**2 - n + 4. Let m be o(-3). Let f = m - -621. What is the hundreds digit of f?
1
Let x(b) = -5*b**2 + 4*b - 16. Let f(y) = -12*y**2 + 7*y - 33. Let j(k) = 2*f(k) - 5*x(k). What is the units digit of j(-12)?
0
Suppose -57244 = -27*x + 126346 + 7921. What is the hundreds digit of x?
0
Let f(b) be the first derivative of 2*b**3/3 + 5*b**2 - 6*b - 1. Let o = 67 + -76. What is the units digit of f(o)?
6
Let h be 22135/25 - (-6)/(-15). Let u = -504 + h. What is the tens digit of u?
8
Let k = 7 - 8. Let j(p) = -p - 1. Let a(n) = n**3 + n**2 + 16*n + 9. Let b(h) = k*a(h) - 6*j(h). What is the units digit of b(-4)?
5
Let l(c) = -c**2 - 13*c - 9. Let j be l(-12). Suppose -h = j*k - 6, 2*h - 8 = -5*k + k. Suppose k*r + 8*r - 1170 = 0. What is the units digit of r?
7
Let f(m) = 112*m - 77. Suppose -1 = -3*x - 4*r, 5*x + 3*r + 2 = 22. What is the tens digit of f(x)?
0
Suppose n - 3*a = 14229, 3*n - 5*a - 42015 = 692. What is the hundreds digit of n?
2
Let q = -5757 - -10821. What is the hundreds digit of q?
0
Let l be (-3)/(-1*(-2)/4). What is the units digit of l - (-96 + ((-66)/(-6) - 6))?
5
Suppose -2*g + 13058 = -4*n, 22*g - 27*g - 4*n + 32687 = 0. What is the units digit of g?
5
Suppose -34*y = -105*y + 251340. What is the units digit of y?
0
Let d(p) = 20*p**2 + 19*p + 31. What is the units digit of d(-9)?
0
Let t = -92195 - -129973. What is the ten thousands digit of t?
3
Suppose -2*w - 3*w - w = 0. Let j = w - -2. Suppose -j*n = 3*i - 52, -5*i + 2*n + 52 = -40. What is the units digit of i?
8
Let n = 11 - 6. Suppose -n*l + w - 6 = -45, 3*l - 3*w = 21. Suppose 0 = -l*q - q + 252. What is the units digit of q?
8
Let l(k) be the second derivative of 0*k**4 + 0 + 3/20*k**5 - 1/6*k**3 + 23*k - 3/2*k**2. What is the tens digit of l(3)?
7
Let q = -6788 + 14890. What is the tens digit of q?
0
What is the ten thousands digit of (-3 - 15/(-4))/(-5*3/(-422700))?
2
Let z be (((-2)/5)/(-1))/((-16)/(-240)). Suppose z*w + 3720 = 10*w. Suppose 57 - w = -9*y. What is the units digit of y?
7
Let w be (-6)/(-18) - (-16)/6. Suppose w*f = -5*a - 36, -7*f = -2*f - 15. What is the units digit of (-26)/(-3) - (0 - 6/a)?
8
Let t = -129 + 151. Suppose 14*w - 26172 = -t*w. What is the units digit of w?
7
Suppose -14*o + 8 + 62 = 0. Suppose o*c = -3*n - 0*n + 1875, -3*n = -5*c + 1875. What is the tens digit of c?
7
Suppose -3*h + 2*h - 2*b = -32, 3*b = -5*h + 139. Suppose 16 = 6*t - h. What is the units digit of (2 - 1 - (t + -8)) + 79?
1
Let y(z) be the first derivative of 11*z**3/3 - 4*z**2 - 7*z + 30. What is the hundreds digit of y(-5)?
3
Suppose d + 232 = -3*h - 2*h, -2*d - 188 = 4*h. What is the units digit of 156468/782 + 4/h?
0
Let k(a) = a**2 + 3*a - 2. Let p be k(-4). Suppose -5*s - 10 = -n, p*n - 5*s = -4*s + 11. Suppose -n*w = 3*w - 264. What is the tens digit of w?
3
Let g be -1 + 3 + 4 - 4. Let o be g/(-19) + (-312)/(-76). Suppose -5*d = -5*z - 210, 0*z = -4*d - o*z + 144. What is the tens digit of d?
3
Let a(u) = -345*u - 611. What is the units digit of a(-7)?
4
Let d be 2*15/6 + -2 - 510. Let c = d - -790. What is the tens digit of c?
8
Suppose -296*q = -48*q + 192*q - 13770680. What is the units digit of q?
7
Let w(z) = -2*z**3 - 9*z**2 + 3*z - 4. Suppose r = 2*r + 11. Let n be (-9)/1 - (r - -7). What is the units digit of w(n)?
6
Suppose 79*a - 5*b = 83*a - 29746, 0 = -4*a - b + 29722. What is the hundreds digit of a?
4
Suppose -12*m + 170 = -11*m. Let t be 3 - (-6)/(-4)*-20. Let s = t + m. What is the hundreds digit of s?
2
Let f(b) = b**3 + 14*b**2 + 45*b - 13. Let q be f(-9). Let p = 103 + -162. Let w = q - p. What is the tens digit of w?
4
Let z = -53 - -47. Let t = 6 + z. Suppose t = -3*l - x + 348, -2*l + 27 = x - 206. What is the hundreds digit of l?
1
Let m(s) = 28*s - 93. Let j be m(5). Let a(f) = f**2 - 17*f - 100. What is the units digit of a(j)?
0
Let r be (2 + 25/(-2))*20/(-35). Suppose 1194 + 72 = r*u. Let o = 384 - u. What is the hundreds digit of o?
1
Suppose -342*r + 333*r = -37458. What is the thousands digit of r?
4
Suppose -55 = -21*n + 16*n. Suppose -5*j = g - 10, -j = -2*j - 2*g + n. Suppose -3*i - 119 = -2*h - 423, h - j = 0. What is the units digit of i?
2
Let s(q) = -3*q**3 - 9*q**2 - 19*q - 8. Suppose 22 = 2*v + 8. Let p be (-15)/(-1)*(v/(-3) - -2). What is the units digit of s(p)?
7
Suppose 47424 = 4*y + 2*l, 21*y - 20*y = -l + 11854. Suppose -9*h = -y - 508. What is the tens digit of h?
7
Let i be (1820/(-8))/(9/18). Let h = -352 - i. What is the tens digit of h?
0
Let i = 18535 - 11152. What is the units digit of i?
3
Suppose 17*d = 4*t + 19*d - 32502, -5*d - 25 = 0. What is the tens digit of t?
2
Let k be (-147 + 144)*3/((-6)/412). Suppose -5*o - 3*t = -5563, 0 = -3*o - 4*t + 3947 - k. What is the hundreds digit of o?
1
Let c(l) = l**3 + 9*l**2 + 7*l - 8. Let y be c(-8). Suppose z + b - 46 = y, -4*z + 2*b = -92 - 98. What is the tens digit of (z/(-3))/(5/(-15))?
4
What is the tens digit of -25089*((-1 - (-64)/12) + -5)?
2
Let o(f) = -f**2 - 5*f + 19. Let n be o(-6). Let u = 32 - n. Suppose -3*p - u = -g, 4*g - 36 - 54 = 5*p. What is the units digit of g?
5
Suppose -1213 = -8*x + 307. Let v = -136 + x. What is the units digit of v?
4
Let a(j) = 239*j - 46. What is the thousands digit of a(6)?
1
Suppose -5*o - 20 = -0*o, -3*o + 28 = d. Suppose z - 807 = -d. What is the tens digit of z?
6
Suppose 4*x = 12, -2*j - 3*j - 3*x = -494. Suppose 103*f = j*f + 882. What is the tens digit of f?
4
What is the units digit of 16132338/279 + 12 + 0?
4
Let j(f) = -51 + 20*f**2 + 36 + f**3 + 7*f + 2*f - 18. What is the tens digit of j(-10)?
7
What is the units digit of ((-4)/6)/(28/(-1381926)*13)?
1
Suppose g + 4*r = 2153 + 21, -3*g - r + 6478 = 0. What is the hundreds digit of g?
1
Let f(m) = 5783*m**2 + 87*m - 7. What is the units digit of f(-2)?
1
Suppose -2*o = -2*y + 26656, 18*o = 14*o + 20. What is the ten thousands digit of y?
1
Let v be -4 - 372 - (-10